ple of 173?
False
Is 52015 a multiple of 505?
True
Is 50112 a multiple of 24?
True
Is 4 a factor of 2570?
False
Is 34440 a multiple of 410?
True
Is 137 a factor of 667828?
False
Does 5 divide 28141?
False
Is 10 a factor of 37732?
False
Does 15 divide 353051?
False
Does 52 divide 14952?
False
Is 39 a factor of 9213111?
False
Is 4 a factor of 246584?
True
Is 2252 a factor of 31796940?
False
Does 71 divide 1710816?
True
Is 1597368 a multiple of 114?
True
Is 66 a factor of 363947?
False
Is 7 a factor of 312802?
True
Does 907 divide 6607495?
True
Does 23 divide 512075?
False
Is 17 a factor of 14939489?
False
Does 131 divide 81351?
True
Is 98 a factor of 155526?
True
Is 125 a factor of 132500?
True
Is 41 a factor of 240219?
True
Is 12 a factor of 4230400?
False
Is 19 a factor of 173717?
True
Does 520 divide 1412320?
True
Is 35475 a multiple of 73?
False
Does 66 divide 428274?
True
Does 38 divide 10018586?
True
Does 65 divide 200397?
False
Is 354 a factor of 50622?
True
Is 21 a factor of 1556310?
True
Is 37 a factor of 110116?
False
Is 42 a factor of 6126804?
False
Does 2007 divide 1839330?
False
Is 20270 a multiple of 10?
True
Does 148 divide 859584?
True
Does 81 divide 64922?
False
Is 9 a factor of 8885099?
False
Does 16 divide 4521810?
False
Is 4453907 a multiple of 73?
False
Is 4564775 a multiple of 25?
True
Does 130 divide 3400333?
False
Is 359997 a multiple of 9?
False
Does 31 divide 899?
True
Is 32 a factor of 18880?
True
Is 2118675 a multiple of 13?
True
Is 273 a factor of 237859?
False
Is 1764224 a multiple of 1253?
True
Does 174 divide 167214?
True
Is 1143836 a multiple of 339?
False
Is 377766 a multiple of 93?
True
Does 40 divide 2986440?
True
Does 130 divide 2185127?
False
Is 2665528 a multiple of 20?
False
Is 10099923 a multiple of 212?
False
Is 180951 a multiple of 22?
False
Is 2305968 a multiple of 14?
True
Is 6308034 a multiple of 458?
True
Does 15 divide 1481980?
False
Does 184 divide 263742?
False
Is 62178 a multiple of 238?
False
Is 522000 a multiple of 125?
True
Is 2017 a factor of 1460957?
False
Is 245761 a multiple of 20?
False
Is 42807 a multiple of 19?
True
Is 2486150 a multiple of 95?
True
Is 144412 a multiple of 457?
True
Is 13 a factor of 17507926?
False
Does 124 divide 3880?
False
Is 18 a factor of 371160?
True
Does 136 divide 1690888?
True
Is 13 a factor of 791999?
True
Does 7 divide 2175019?
True
Does 452 divide 8547707?
False
Is 119 a factor of 37723?
True
Does 507 divide 192660?
True
Does 26 divide 378395?
False
Is 7489179 a multiple of 27?
True
Does 93 divide 5097702?
True
Does 8 divide 393988?
False
Does 77 divide 338261?
True
Is 23 a factor of 99501?
False
Is 44 a factor of 294624?
True
Is 114507 a multiple of 443?
False
Is 1209 a factor of 18021168?
False
Is 1473054 a multiple of 28?
False
Does 227 divide 960210?
True
Is 14 a factor of 398202?
True
Does 102 divide 2106466?
False
Is 709068 a multiple of 37?
True
Is 784433 a multiple of 21?
False
Is 65371 a multiple of 45?
False
Does 18 divide 158207?
False
Is 85 a factor of 2905253?
False
Is 675413 a multiple of 10?
False
Does 104 divide 331635?
False
Is 117 a factor of 255177?
True
Does 349 divide 311571?
False
Is 72221 a multiple of 27?
False
Does 6 divide 95997?
False
Does 32 divide 171296?
True
Does 52 divide 1494012?
True
Does 53 divide 227847?
True
Is 2013 a factor of 16071307?
False
Is 13 a factor of 811252?
True
Is 77 a factor of 1866711?
True
Does 23 divide 164404?
True
Is 1050006 a multiple of 6?
True
Does 59 divide 10101862?
True
Does 140 divide 12144160?
True
Is 61970 a multiple of 58?
False
Is 33151039 a multiple of 299?
False
Is 24 a factor of 117936?
True
Is 158291 a multiple of 46?
False
Does 832 divide 1107819?
False
Is 320 a factor of 81459?
False
Is 10841583 a multiple of 12?
False
Is 2240 a factor of 2748480?
True
Is 96 a factor of 6071712?
True
Does 64 divide 289100?
False
Is 92 a factor of 7483821?
False
Does 46 divide 315548?
False
Does 97 divide 3658817?
False
Does 139 divide 2038852?
True
Is 828702 a multiple of 6?
True
Is 1315498 a multiple of 58?
True
Is 314101 a multiple of 10?
False
Does 66 divide 272514?
True
Is 170 a factor of 125290?
True
Does 617 divide 1806576?
True
Is 2775082 a multiple of 16?
False
Is 426 a factor of 1804110?
True
Is 3108990 a multiple of 922?
False
Does 2 divide 3834975?
False
Does 419 divide 1708682?
True
Is 11 a factor of 553308?
False
Is 1326556 a multiple of 154?
True
Is 560028 a multiple of 113?
True
Is 11 a factor of 29689?
True
Is 9586752 a multiple of 147?
True
Is 2286750 a multiple of 50?
True
Is 12974614 a multiple of 41?
True
Does 93 divide 647094?
True
Does 33 divide 6696736?
False
Does 971 divide 8091343?
True
Does 35 divide 54605?
False
Is 94256 a multiple of 43?
True
Is 16 a factor of 82432?
True
Does 675 divide 4858650?
True
Is 106 a factor of 399851?
False
Is 1675 a factor of 7704325?
False
Is 5220513 a multiple of 290?
False
Is 189 a factor of 19064444?
False
Does 784 divide 2098369?
False
Does 32 divide 375168?
True
Is 95448 a multiple of 15?
False
Does 120 divide 252840?
True
Is 36 a factor of 697713?
False
Is 579461 a multiple of 158?
False
Is 579 a factor of 833760?
True
Is 3203527 a multiple of 45?
False
Is 17 a factor of 61863?
True
Is 38683 a multiple of 201?
False
Is 1939544 a multiple of 324?
False
Does 4 divide 34360?
True
Is 2568397 a multiple of 552?
False
Is 749 a factor of 6219199?
False
Is 923533 a multiple of 59?
False
Does 3 divide 192081?
True
Is 665 a factor of 357105?
True
Is 13 a factor of 1317478?
False
Is 26 a factor of 32890?
True
Does 189 divide 14296527?
True
Is 66 a factor of 1444014?
True
Is 532052 a multiple of 34?
False
Does 28 divide 4023530?
False
Does 86 divide 3449193?
False
Is 3 a factor of 1474?
False
Is 736302 a multiple of 14?
True
Is 15 a factor of 243420?
True
Is 781811 a multiple of 10?
False
Does 104 divide 662230?
False
Does 222 divide 1747362?
True
Is 787 a factor of 20591068?
True
Does 44 divide 180752?
True
Is 294 a factor of 1085448?
True
Is 11577635 a multiple of 1225?
False
Does 4 divide 738408?
True
Is 240413 a multiple of 87?
False
Is 174141 a multiple of 67?
False
Is 113903 a multiple of 3?
False
Does 8 divide 1039634?
False
Is 235809 a multiple of 133?
True
Is 193214 a multiple of 74?
True
Does 39 divide 2224365?
True
Is 53 a factor of 123633?
False
Does 1420 divide 2473640?
True
Is 160487 a multiple of 64?
False
Does 4 divide 143739?
False
Is 356720 a multiple of 637?
True
Does 21 divide 3936000?
False
Does 25 divide 21250?
True
Is 902 a factor of 54288?
False
Is 92 a factor of 1193700?
True
Does 49 divide 2398429?
False
Does 37 divide 2471563?
True
Is 10 a factor of 1389047?
False
Is 110540 a multiple of 12?
False
Is 955054 a multiple of 226?
False
Does 407 divide 109736?
False
Is 1595664 a multiple of 215?
False
Is 16243 a multiple of 29?
False
Does 35 divide 529800?
False
Does 12 divide 22935553?
False
Is 605 a factor of 3763705?
True
Is 8 a factor of 1210080?
True
Is 103 a factor of 1337764?
True
Does 73 divide 8019129?
False
Is 26915 a multiple of 35?
True
Does 23 divide 6372984?
False
Does 888 divide 2183821?
False
Is 713792 a multiple of 16?
True
Does 302 divide 3712184?
True
Is 40053 a multiple of 39?
True
Is 6 a factor of 27360?
True
Is 19 a factor of 94050?
True
Is 1533732 a multiple of 92?
True
Is 7 a factor of 69902?
True
Is 109284 a multiple of 7?
True
Is 44 a factor of 1936825?
False
Is 21 a factor of 637497?
True
Is 21442832 a multiple of 592?
True
Is 94 a factor of 73320?
True
Does 30 divide 74940?
True
Is 1139875 a multiple of 55?
True
Is 8 a factor of 12007?
False
Does 33 divide 764181?
True
Is 11 a factor of 702615?
False
Is 2507337 a multiple of 9?
True
Is 575512 a multiple of 28?
True
Is 149 a factor of 2763205?
True
Is 29 a factor of 329440?
True
Does 8 divide 97724?
False
Is 2013236 a multiple of 554?
True
Is 183665 a multiple of 6?
False
Is 17376 a multiple of 45?
False
Is 42192 a multiple of 18?
True
Is 22 a factor of 120978?
True
Does 15 divide 8586599?
False
Does 7 divide 9699?
False
Does 21 divide 5544?
True
Is 40 a factor of 4405320?
True
Is 151 a factor of 300339?
True
Is 966186 a multiple of 2?
True
Is 366 a factor of 1884900?
True
Does 5 divide 935670?
True
Does 10 divide 1002520?
True
Is 62726 a multiple 